0 - f. Give k(s).
-13
Let n(d) = d**2 - d - 4. Let t be n(3). Let s(g) = -12*g**2 + g - g**3 + 12*g**2 - t*g. Let m(v) = -v + 1. Let w be m(2). Calculate s(w).
2
Let l(h) = h. Let v(z) = 3*z. Let y(f) = 8*l(f) - 3*v(f). Suppose 3*q = u + 10, -3*q + 3 = 2*u - 4. Let g be y(q). Let n(p) = -p**2 - 2*p + 1. What is n(g)?
-2
Let i(v) be the second derivative of -v**7/840 + v**4/12 + v**3/3 - v. Let k(h) be the second derivative of i(h). Calculate k(2).
-6
Let d be 0/(-2) - (-1 - 0). Suppose y - 2 = d. Let k(o) = -2*o**2 + o**2 - 4 + 0*o**2 - y*o. Calculate k(-3).
-4
Suppose -2*j + 57 = 81. Let r(v) = -v**2 - 11*v + 7. Calculate r(j).
-5
Let j(o) = -20*o**2 - 24*o - 29. Let r(s) = 7*s**2 + 8*s + 10. Let f(l) = -6*j(l) - 17*r(l). Determine f(-6).
-8
Let n(t) be the third derivative of -1/24*t**4 + 0 + 1/120*t**5 + 1/3*t**3 + t**2 + 0*t. Let x(j) be the first derivative of n(j). What is x(-2)?
-3
Let i(c) be the third derivative of c**4/4 + c**3/6 - 3*c**2. Let o = -13 + 14. Give i(o).
7
Let w = -11 - -24. Suppose -10*l + w*l = 60. Let a be l/(-12) + (-4)/(-6). Let h(d) = 3*d**2. Give h(a).
3
Let n be 88/20 + (-4)/10. Let r(d) = 4*d + 3. Let q be (-6)/(-10) + (-8)/(-20). Let x(s) = -1. Let p(o) = n*x(o) + q*r(o). Determine p(1).
3
Let j(b) = b - 2. Let c(o) be the second derivative of -o**3/6 + 6*o**2 - 4*o. Let d be c(7). Give j(d).
3
Let d(r) = -r**3 + 2*r**2 + r - 1. Let v be (-1 - 1)/(-5 + 4). Suppose 4*j = v*f + 9 + 1, -f - 5*j + 16 = 0. Give d(f).
1
Let u(l) be the second derivative of -l**3/6 - 5*l**2/2 + 6*l. Give u(0).
-5
Let p(s) = -2*s - 3. Suppose 2*b + 18 = -3*k + 3, -3*k + b = 6. Calculate p(k).
3
Let l(g) = -17*g - 1. Let d be l(-1). Suppose 3*w - d = -w. Let f(x) = 2*x - 5. Give f(w).
3
Let z be 63/15 - (-1)/(-5). Let w(y) = -z*y - y**2 - 4*y + 2*y. Suppose 4*g + 5 = 3*g. Determine w(g).
5
Let y(o) = 12*o - 11*o + 3 - 3. Let h(g) = -6*g**2 + 2*g + 1. Let s(m) = h(m) - 2*y(m). Suppose 0 = 3*u + 2*u + 5. Determine s(u).
-5
Suppose -8 = 2*s + 4. Let t(c) = -c**3 - 6*c**2 + 2*c + 7. Calculate t(s).
-5
Let f(r) = r - 4 + 2*r - 4*r + 2*r. What is f(6)?
2
Let a(u) = 2*u - 12. Let z(i) = -i**3 - 16*i**2 - i - 8. Let o be z(-16). Give a(o).
4
Let g(u) be the third derivative of -u**5/30 + u**4/12 + u**3/3 + u**2. Let x(d) = d**2 + 4*d - 3. Let p be x(-5). Determine g(p).
-2
Let h(b) = -2*b. Suppose 5*v - t - 3 = t, 3*v = -5*t + 8. Let j be (-2*v)/(6/(-3)). Let o be h(j). Let y(g) = g + 4. Give y(o).
2
Let r(x) be the third derivative of x**6/120 + x**5/30 - x**4/8 + x**3/6 - x**2. Let b = 38 + -21. Let m = -20 + b. Determine r(m).
1
Suppose -3*w + 12 = 6. Let b(i) = -4*i**2 + 5*i**w + 0*i**2 - 2 - 6*i. Calculate b(5).
-7
Suppose 2*q - 1 = 3. Let d(f) = -f**q + 4*f + 0*f**2 - 1 - 6*f. Let m = -6 + 2. Give d(m).
-9
Let r(q) = -q**3 - 9*q**2 - q - 6. Suppose -5*l + 12 = 57. Let u be r(l). Let a(w) = 2*w**2 + 4*w + 5 - u - w**2 - 3. Determine a(-3).
-4
Let z(l) = -l**3 + 9*l**2 - 15*l + 9. Let c be z(7). Let r(x) = -x**3 + 4*x - 3. Calculate r(c).
-3
Let m(v) = -13*v**3 + 2*v**2. Let s(o) = o**2. Let g(z) = m(z) - 3*s(z). Determine g(1).
-14
Let x be 1 + 0 + -2 - 1. Let g(l) = -l + 3. Let s be g(7). Let t = x - s. Let c(k) = 2*k**3 - k**2 - 2*k + 1. What is c(t)?
9
Suppose 5*g - 5*p + 15 = 0, 5*p - 3*p = -5*g - 29. Let f = g + 6. Let x(u) be the second derivative of -u**3/2 + u**2/2 + u. What is x(f)?
-2
Let c(w) be the third derivative of w**8/6720 + w**7/420 + w**6/360 - 7*w**5/120 + w**4/8 - w**2. Let y(a) be the second derivative of c(a). What is y(-5)?
8
Let x(d) = -d**2 - d**3 - 2 + 4*d**2 + 6*d - 1. Let g be ((-22)/(-4))/(4/(-8)). Let q = -7 - g. Calculate x(q).
5
Let a(w) be the third derivative of w**5/12 + w**4/24 + 57*w**2. Calculate a(1).
6
Let b(v) = 7*v - v**3 - 9*v**2 - 6*v**3 + 6 + 8*v**3. Determine b(8).
-2
Let k(g) = -2*g**3 + 2*g - 1. Suppose -8*c + 12 = 4*c. Give k(c).
-1
Suppose -6 - 24 = -5*f. Let p(t) = 3*t**2 - 9*t - 2. Let d(w) = -8*w**2 + 26*w + 6. Let b(c) = f*d(c) + 17*p(c). Calculate b(-2).
8
Suppose 5*n + 12 = 3*k + 4*n, 4*n = 5*k - 13. Let l(r) = r + 3. Calculate l(k).
8
Let q(f) = 0*f + 0*f + f + 3. Suppose -22*t + 3 = -23*t. Calculate q(t).
0
Let d(y) = -y**2 + y + 7. Suppose -2 = 5*x - 2*b, 3*x = -4*b + 2*b + 2. Calculate d(x).
7
Let y = 156 - 162. Let d(g) = -g - 5. Give d(y).
1
Let g(v) = 3*v**2 + 4*v - 3. Let y(s) = s**3 + 14*s**2 + 13*s + 2. Let i be y(-13). What is g(i)?
17
Let u(y) = 3 - 3 + y - 1 - 4*y**2. Let f(g) = -g**2 + 2*g + 4. Suppose 0 = 3*v - 0 - 9. Let o be f(v). What is u(o)?
-4
Let b(s) be the third derivative of -3*s**6/40 - s**5/30 - s**4/12 - s**3/6 + s**2. Let l be 48/120*(-5)/(-4)*-2. Determine b(l).
8
Let d(h) = -h. Let n be d(-5). Suppose 5*p - g - 11 = 24, 4*p - n*g = 49. Let q(j) = 3*j - 4. What is q(p)?
14
Let s(x) = 5*x - 2. Suppose z - 5*z - 16 = 0. Let g be (-17)/(-4) + (-3)/z. Suppose -g*m = -2*m - 9. What is s(m)?
13
Let r(p) = -p**3 + p**2 + p + 2. Let x(m) = -2 - 4*m - 6*m + 0*m**2 - m**2 + 15. Let d be x(-11). Give r(d).
0
Let r = -2 + 4. Let y(j) = j - 2*j - r*j. Let g(z) = -z**3 - 4*z**2 - z - 3. Let t be g(-4). Calculate y(t).
-3
Let h(c) be the first derivative of -7/2*c**2 - 7 + 7/3*c**3 - 1/4*c**4 + 3*c. Calculate h(6).
-3
Let d(b) = 0 - 3*b + 5*b - 5 - 4*b + b**2. Let w be d(0). Let y(i) = -i**3 - 6*i**2 - 3*i + 5. Determine y(w).
-5
Let z(f) be the third derivative of -f**5/30 - 10*f**2. Determine z(1).
-2
Let a(m) = -m**2 + 4. Let t be 66/(-11)*(1 + 0). Let u(j) = -j**3 - 6*j**2 + 2*j + 9. Let g be u(t). Determine a(g).
-5
Suppose 0*o = 4*n + 5*o - 7, 3*n - 7 = -2*o. Suppose 4*b - n*a - 6 = 0, 4*a + 8 = b - 0*b. Let v(x) = x**3 - x - 8. Calculate v(b).
-8
Suppose -j - 3 = -0. Let g(d) = d**2 + 2*d - 3. Let k be g(j). Let y = 1 + k. Let l(t) = 8*t**3 + t**2 - 1. Calculate l(y).
8
Let a(k) = -k**3 + 3*k**2 + 6*k - 2. Let x be a(5). Let z = x + 26. Let p(c) = -c**3 + 3*c**2 + 4*c + 4. Determine p(z).
4
Let v be 2/(-4)*(-4)/1. Suppose -3*y - 5 = v*y. Let t(s) = s + 6. Let f(n) = n + 7. Let m(z) = -6*f(z) + 7*t(z). What is m(y)?
-1
Let s(j) = -j. Let n be (-5)/(-2)*-2*-1. Determine s(n).
-5
Suppose -3*s = -6 - 6. Let c(g) be the first derivative of 5/2*g**2 - 1/4*g**4 + s*g - 4/3*g**3 - 1. Give c(-5).
4
Suppose 3*k + 3*b - 21 = 0, 5*k + 2*b - 5 = 18. Let n(t) = 2*t**2 - 1 + 4*t**k - 3*t**3 - 5 + t**2 - 6*t. Give n(-4).
2
Let d(u) = u - 5. Let a be -2 + (-6)/(-3) - -4. What is d(a)?
-1
Let h(b) = -b**2 + b - 7. Let t(j) = -j**3 - 8*j**2 - 8*j - 7. Let k be t(-7). What is h(k)?
-7
Let u(l) = 5*l**2 - 7 - 11 + 17. Determine u(1).
4
Let a(t) = t + 43 - 43. Determine a(2).
2
Let w(s) = -5*s**2. Let l = 7 + 19. Let m be (-12)/(-78) - 30/l. Give w(m).
-5
Suppose 4*p - 4 = 0, 5*o + 3 = 4*p + 24. Let y(f) = 5*f**2 + 3*f + 1. Let i(d) = 3*d**2 + 4*d. Let j(h) = 3*i(h) - 2*y(h). Give j(o).
3
Let a(v) = v**2 - 5*v. Let o(t) = 3*t**2 + 2*t - 1. Let i be o(1). Give a(i).
-4
Suppose 4*g = -4*r + 8, 0*r - 2 = -g - 5*r. Let f(z) be the third derivative of -z**4/6 - z**3/6 - 8*z**2. Give f(g).
-9
Let s(b) = 3*b**2 + 5*b - 3. Let t(h) = -10*h**2 - 15*h + 10. Let g(n) = 7*s(n) + 2*t(n). Let m = -1 + 3. Suppose -14 = 3*r - m. Calculate g(r).
-5
Let h = 42 + -24. Let s be h/12*14/3. Let f(q) = -6*q + 0*q + 3 + q**3 + 2*q**2 - s*q**2 + 0*q**2. Calculate f(6).
3
Let h(o) = -2*o - 6*o + 1 + 4*o. Let s = -155 + 152. Calculate h(s).
13
Let r(l) = -11*l**3 + l**2 + 7*l - 6. Let j(z) = z + 9*z**3 + 4*z**3 + 1 - 2 - 14*z**3. Let k(c) = 6*j(c) - r(c). Calculate k(-1).
-5
Let z(m) be the third derivative of m**4/12 + m**3/6 - 3*m**2. Let s(y) = -y - 8. Let l be s(-11). What is z(l)?
7
Let p be (-10)/(-6) - (-1)/3. Suppose 2*x + 2*b = -p, 11 = x + 3*x - b. Let w(n) = -4*n + 3. What is w(x)?
-5
Let h(x) be the second derivative of -x**5/20 + x**4/2 - 5*x**3/6 + x**2/2 + 2*x. What is h(5)?
1
Let f = 0 - 2. Let v be f/((-5)/(5/2)). Let n(k) = k - 3*k**2 - k**2 + 5*k**2 - v. What is n(-2)?
1
Let x = -14 - -15. Let p(g) = -3*g + 1. Determine p(x).
-2
Let f(a) = -6*a - 6. Let q(w) = 5*w + 5. Let c(s) = 4*f(s) + 5*q(s). What is c(4)?
5
Let b be 1/(-2)*4 + 1. Let a(w) = -15*w. Let f(c) = 285*c. Let s(k) = -75*a(k) - 4*f(k). Give s(b).
15
Let u(n) = -n**3 - 4*n**2 + 6*n - 6. Let a = 16 - 21. Determine u(a).
-11